it of c?
3
Suppose 0 = -2*l - 4*u + 14, u = -l + 2*u - 5. Let g(c) = -3*c. What is the units digit of g(l)?
3
Let u = 565 + -134. What is the hundreds digit of u?
4
Let z(y) = -y**2 - 15*y. What is the units digit of z(-10)?
0
Let s be 6/4*(-10)/(-3). Suppose -s*u + 9 = -x - 4, u + 13 = -5*x. Suppose 5*l - 25 = 0, u*l = c - 0*l + 4. What is the units digit of c?
6
Let z(q) = q**3 + 13*q**2 + 11*q. What is the tens digit of z(-12)?
1
Let v = 99 - 158. Let h = v + 104. What is the units digit of h?
5
Suppose 138 = s + 2*s. What is the units digit of s?
6
Suppose -17 - 13 = -3*j. Let v = j - -4. What is the units digit of v?
4
Let w(b) = -b**2 + 2. Let m(l) = 3*l**2 - l - 5. Let u(g) = 3*m(g) + 8*w(g). Let y be u(2). What is the units digit of y/2 + (-25)/(-2)?
2
Suppose -5*d = -d + 3*v - 11, 4*v + 2 = 3*d. Let s(h) = -h**3 + 2*h**2 + 3*h + 4. Let o be s(3). Suppose -o*q + 38 = -d. What is the units digit of q?
0
Suppose i - 2*t + 18 = 0, 7*i + 2*t + 42 = 2*i. Let a = -8 - i. Suppose a*k + 39 = 5*k. What is the units digit of k?
3
Let s be (-2)/(-6) + 32/12. Suppose 4*b - 3 = 3*b. Suppose -s*w = w - b*h - 12, -w + 10 = h. What is the units digit of w?
6
Suppose -3*a - 3*b = -2*b - 271, -b = -a + 89. Suppose -g + 5 = 4*g, -5*r + a = 5*g. What is the units digit of r?
7
Let c(l) = l**2 + l**3 + l + 5*l**2 + 4*l + 2. Let h(q) = q**3 - 5*q**2 + 4*q - 5. Let o be h(4). What is the units digit of c(o)?
2
Let y(k) = -k**3 + k**2 + 53. What is the units digit of y(0)?
3
Suppose 2*j - 5*c - 4 = 0, -j + 3*c - 4 = -5. Let q(r) = -r**3 + 6*r**2 + 7*r + 3. What is the units digit of q(j)?
3
Let x = -9 - -12. Suppose y + 28 = x*y. What is the tens digit of y?
1
Suppose -3*p + 2 = -2*p + y, -2*p = y - 2. Suppose -5*u + 15 = 4*j, 5*u + p*j - 15 = 2*j. What is the units digit of u?
3
Let d(j) = -2*j - 3. What is the units digit of d(-3)?
3
Suppose -n + 36 = 8. What is the tens digit of n?
2
Suppose 0 = -3*w + 3 + 3, 2*j + 52 = w. Let v = j - -44. What is the tens digit of v?
1
What is the units digit of (2 + -3 - 1) + 22?
0
Suppose 0 = -y - 0*y. Let m(q) = 3*q + q**3 + 0*q + q**2 - 4*q + 1. What is the units digit of m(y)?
1
Suppose -2*l + 4*m - 56 = -4*l, 5*m = -2*l + 60. Suppose -2*i = -6*i - 36. Let f = l + i. What is the units digit of f?
1
Let j = -16 + 29. Suppose 0 = -9*g + j*g - 112. What is the tens digit of g?
2
Let u(c) = -c**2 - 5*c + 5. Let a be u(-5). Suppose 0 = -r - 5*x - 40, 4*x - 23 - 32 = a*r. Let h = r - -32. What is the units digit of h?
7
Suppose -5*s + 12 = -s. Suppose -3*v + 4 + 20 = -3*h, -s*h + 41 = 2*v. Suppose 5 = j - i, 3*j - v = -2*j + i. What is the units digit of j?
2
Let j(m) = 10*m**2 - 7*m + 4. What is the hundreds digit of j(-4)?
1
Suppose 0 = -3*o + 130 + 23. What is the units digit of o?
1
Let u(s) = s + 3. Let r be u(3). Suppose -r*w = -2*w - 40. What is the tens digit of w?
1
Suppose 2 = g - 13. What is the units digit of g?
5
Let p(a) = 2*a**2 - 2*a + 35. What is the tens digit of p(9)?
7
Let c(l) = l**2 + l - 6. Let w be c(0). What is the units digit of ((-440)/(-30))/((-4)/w)?
2
Suppose 102*x + 1029 = 105*x. What is the units digit of x?
3
Let z(j) = 3*j**2 + j + 4. What is the units digit of z(6)?
8
Let d be 46/(-4)*6/(-3). Let o = -11 + d. What is the units digit of o?
2
Suppose -3*k + 120 = 3*x, -2*k + 2*x = -3*x - 115. Suppose -3*j = -k - 6. What is the units digit of j?
7
Suppose -3*t = -2*v + 259 - 893, 5*t = -4*v + 1086. What is the tens digit of t?
1
Suppose -4*b - 118 - 66 = 0. Let f = b - -82. Suppose -2*x = -4 - f. What is the tens digit of x?
2
Let a be 6/3*92/8. Let r = -14 + a. What is the units digit of r?
9
Let z be 1 + 0 + -3 - -1. Let j(t) = t + 1. Let w be j(z). Suppose -u + w*u + 4 = 0. What is the units digit of u?
4
Let d = -189 - -269. What is the tens digit of d?
8
Suppose -2*c = -3*c + 21. What is the tens digit of c?
2
What is the units digit of (-1)/(236/120 + -2)?
0
Suppose 5*u = -2*i - 3*i - 10, 5*i = u + 14. Suppose 69 = x + i*x. Suppose 5*q = 2*d - x, 5*d + 3*q - 45 = 2*d. What is the tens digit of d?
1
Let j(i) = i**3 - 5*i**2 - 3*i - 7. Suppose 0 = -5*z + 2*s + 34, -5*z - 4*s + 24 = -s. What is the tens digit of j(z)?
1
What is the units digit of (-34)/(-85) - (-26)/10?
3
Let h(j) = -3*j - 4. Let w be h(-3). Suppose 2*z + 2*z = 2*p + 20, 0 = -5*p + w*z - 40. What is the units digit of (3 - (-16)/p)*27?
9
Suppose 4*s = 16, -3*a = -4*s - s + 17. Let j be 2*((-28)/8)/7. What is the units digit of (j - 1*-2) + a?
2
Let n be 10/3 + 1/(-3). Suppose 3*x - 4*b + 32 = -0*b, n*b - 15 = 0. What is the tens digit of x/6 + 315/27?
1
What is the tens digit of 24 + (-1)/(-2)*4?
2
Let a(c) = 20*c - 16*c + 33*c. Let s be a(1). Suppose -13 = -5*y + s. What is the tens digit of y?
1
Suppose -6 = -5*h - 1. Let o be (2 + h + -1)*2. Suppose 4 = 4*r, 4*q - 5*r = 7 + o. What is the units digit of q?
4
Suppose -3*z = u - 19, -2*z + 8 = -4*u - 0*u. Suppose -z*j + 55 = -j. Suppose -2 = w - j. What is the units digit of w?
9
Suppose 5*r - 78 = -2*d, -37 = -3*d + 5*r + 130. Let s = d - 33. What is the units digit of s?
6
Let t = -6 - 9. Let x be ((-8)/10)/((-2)/(-15)). What is the units digit of (t/x)/((-1)/(-2))?
5
Suppose 0 = v + 3*g - 8 - 3, -5*v + 4*g + 93 = 0. What is the units digit of v?
7
Suppose -60 = 5*h + 230. Let i = -30 - h. What is the tens digit of i?
2
Let f be (-1)/(1/(-2)) + 3. Suppose 100 = f*i + 5*a, -5*i + i = -4*a - 96. What is the units digit of i?
2
Suppose 3*h = -0*h. Suppose h = -3*r - 3*y + 75, 4*y = 5*r - y - 75. What is the units digit of r?
0
Let n be 17 + -2 - 6/(-2). Suppose n = 3*k - 12. What is the units digit of k?
0
Suppose 6*h - 12 = 3*h. Suppose h*i = i. Suppose -d - d + 2 = i. What is the units digit of d?
1
Suppose -70 = -2*m + 5*k, 3*m - 3*k - 66 = 21. What is the units digit of m?
5
Suppose 0 = 5*s - 63 - 27. Suppose -z = -4*z + s. What is the units digit of z?
6
Let l(o) = -o**2 - 8*o + 1. Let d(t) = 2*t + 9. Let b be d(-8). Let v be l(b). Suppose 0 = -u + v + 6. What is the units digit of u?
4
Let c(w) = 10*w - 2. Let b be c(3). Suppose 0 = -f - 4*f, 0 = -2*j - f - b. What is the units digit of j/35 - 14/(-10)?
1
Suppose 0 = -n + 4*o + o + 21, -2*o = 5*n - 24. Suppose 0 = -3*r + 3 + 12. Suppose a - 4*g = 4 + n, 8 = -a - r*g. What is the units digit of a?
2
What is the units digit of (9 - -6)*(-2)/(-5)?
6
Let y(f) = 2*f**2 + 7*f + 5. Let k be y(-5). Let i = -14 + k. Suppose 3*a = -4*m + 52, m - 4 = -2*a + i*m. What is the units digit of a?
2
Let b(m) = -m**3 - 3*m**2 - 3*m - 2. Let o be b(-2). Suppose -5*w + 38 + 72 = o. What is the units digit of w?
2
Suppose 2*d - 12 = -2. Suppose -d*k = -5*w + 115, -2*k = -2*w - 3*k + 43. Suppose -29 = -3*l + w. What is the units digit of l?
7
Suppose -2*u = -33 + 7. What is the tens digit of u?
1
Let t = -11 + 31. Let a be (-4)/t + (-3)/(-15). Suppose w + 2*i - 18 = -a*i, 3*w = -i + 44. What is the units digit of w?
4
Suppose 0 = s + 3*n + 5, -2*s - 2*n + 2 = 0. Let y be -2 + 3/(3/2). Let a = s + y. What is the units digit of a?
4
What is the tens digit of (-11)/22*(1 + -147)?
7
Let p(n) = -10*n**2 - 1. Suppose -q - 3*w + 7 = 2*w, 5*q = w + 9. Let i(k) = -k**2 - 1. Let g(h) = q*i(h) - p(h). What is the units digit of g(-1)?
7
Let f(a) = a**2 - 11*a + 3. What is the tens digit of f(13)?
2
Suppose 2*y - 64 = -4*n, 4 = n - 1. Suppose -y = -c - c. What is the units digit of c?
1
Suppose 3*s - 5*q = -2*s + 405, 2*q = -2*s + 162. What is the units digit of s?
1
Let l(o) = -5*o - 2. Let s be l(-4). Suppose -m - 2*m = -s. Suppose 4*r + m = 5*r. What is the units digit of r?
6
Suppose -261 = -5*z + 19. What is the tens digit of z?
5
Let l be 40/(-1)*1/2. What is the tens digit of l/(-1 + -2 - -2)?
2
Let z be (-2)/(-4)*1*0. Let f = z + 4. Suppose -d + 2*j + 17 = 2*d, 4*d = -2*j + f. What is the units digit of d?
3
Let u = 95 - 52. Suppose -3*d + u = -5. What is the tens digit of d?
1
Suppose 3*l - 2*d - 150 = 248, -d - 524 = -4*l. What is the hundreds digit of l?
1
Let w(q) = -37*q - 1. Let s be w(-3). Suppose g - s = -4*g. Let x = -7 + g. What is the units digit of x?
5
Let q be (-36)/24 + 13/2. Suppose q*p - 15 = 0, i + 84 = 4*i + p. What is the tens digit of i?
2
Let i be (1 + 10)/1 - (-12 - -14). Let l = -2 - -6. Let g = i + l. What is th